 5469 a composite number?
True
Is 261949 prime?
False
Is 1291 a prime number?
True
Is 4049 prime?
True
Is 131477 prime?
True
Is 5167 prime?
True
Is 2321 a prime number?
False
Is 77981 a prime number?
False
Is 1117 prime?
True
Is 435583 a composite number?
False
Is 51463 prime?
False
Is 113353 a prime number?
False
Is 571591 composite?
True
Is 5747 a prime number?
False
Is 59897 a prime number?
False
Is 21767 a composite number?
False
Is 103 prime?
True
Is 2064979 a composite number?
True
Is 12287 prime?
False
Is 33377 a composite number?
False
Is 20017 a composite number?
True
Is 2503 a composite number?
False
Is 4861 a prime number?
True
Is 13773 composite?
True
Is 3742 prime?
False
Is 51283 a composite number?
False
Is 24407 composite?
False
Is 11131 composite?
False
Is 1730501 a prime number?
False
Is 814001 a composite number?
True
Is 49499 a composite number?
False
Is 39434 a composite number?
True
Is 33433 a prime number?
False
Is 14051 prime?
True
Is 1535 composite?
True
Is 7409 prime?
False
Is 597967 composite?
False
Is 5923 a composite number?
False
Is 9469 composite?
True
Is 54415 composite?
True
Is 27997 prime?
True
Is 421735 prime?
False
Is 3593 a composite number?
False
Is 370021 a composite number?
False
Is 140821 a prime number?
False
Is 127 composite?
False
Is 23603 composite?
False
Is 6187 prime?
False
Is 39143 prime?
False
Is 2476679 prime?
False
Is 5261 a prime number?
True
Is 282547 composite?
True
Is 5513 composite?
True
Is 74747 prime?
True
Is 140009 prime?
True
Is 61909 a prime number?
True
Is 449 composite?
False
Is 4985 a composite number?
True
Is 646603 a prime number?
False
Is 14597 a prime number?
False
Is 4177 prime?
True
Is 3271 prime?
True
Is 14339 composite?
True
Is 30259 a composite number?
False
Is 1363 prime?
False
Is 107441 composite?
False
Is 431219 prime?
True
Is 30467 prime?
True
Is 4831 composite?
False
Is 12077 composite?
True
Is 1188779 a composite number?
True
Is 59779 prime?
True
Is 7318 a composite number?
True
Is 64271 a composite number?
False
Is 15653 composite?
True
Is 1501557 a prime number?
False
Is 17957 prime?
True
Is 2108453 a composite number?
False
Is 184629 prime?
False
Is 6997 prime?
True
Is 2079931 prime?
False
Is 10361 a prime number?
False
Is 614 a prime number?
False
Is 8779 prime?
True
Is 83621 a prime number?
True
Is 312119 a composite number?
True
Is 34649 composite?
False
Is 8491 composite?
True
Is 13649 a composite number?
False
Is 3589 a prime number?
False
Is 6611 a composite number?
True
Is 1817 a composite number?
True
Is 17439 prime?
False
Is 7067 prime?
False
Is 1699963 a composite number?
True
Is 41221 a prime number?
True
Is 202799 a composite number?
False
Is 3155 composite?
True
Is 18563 prime?
False
Is 422857 prime?
True
Is 26489 composite?
False
Is 1033741 prime?
True
Is 187583 a composite number?
True
Is 220579 composite?
False
Is 70669 prime?
False
Is 3049 prime?
True
Is 34823 a prime number?
False
Is 127 composite?
False
Is 9029 prime?
True
Is 38149 prime?
True
Is 3093 a composite number?
True
Is 14051 composite?
False
Is 369805 composite?
True
Is 524099 composite?
False
Is 217901 composite?
False
Is 631 composite?
False
Is 96749 a prime number?
True
Is 2643 a prime number?
False
Is 11863 prime?
True
Is 96703 prime?
True
Is 30297 a prime number?
False
Is 31883 a composite number?
False
Is 450514 a composite number?
True
Is 158923 composite?
False
Is 109157 a prime number?
False
Is 72499 composite?
True
Is 37139 a composite number?
False
Is 19661 prime?
True
Is 20182 prime?
False
Is 656977 a prime number?
True
Is 408529 prime?
False
Is 591167 a prime number?
False
Is 582249 a composite number?
True
Is 466903 a composite number?
True
Is 16331 a composite number?
True
Is 3453 a composite number?
True
Is 1273223 composite?
True
Is 152363 composite?
False
Is 36433 a prime number?
True
Is 42043 a prime number?
True
Is 197147 prime?
True
Is 115 composite?
True
Is 49814 prime?
False
Is 4547 prime?
True
Is 634819 prime?
False
Is 9111 prime?
False
Is 33599 prime?
True
Is 23477 a prime number?
False
Is 42538 a composite number?
True
Is 163517 a prime number?
True
Is 8169973 a prime number?
False
Is 28957 composite?
True
Is 48097 a prime number?
False
Is 491819 composite?
False
Is 805703 prime?
True
Is 82757 a prime number?
True
Is 2819 prime?
True
Is 2334743 a composite number?
False
Is 1199807 prime?
False
Is 86677 a composite number?
False
Is 21419 composite?
False
Is 5381 a composite number?
False
Is 96053 a composite number?
False
Is 203999 prime?
True
Is 553 prime?
False
Is 35522 composite?
True
Is 45418 prime?
False
Is 133687 a prime number?
False
Is 1693 composite?
False
Is 50849 a composite number?
False
Is 4201 a prime number?
True
Is 192737 a composite number?
False
Is 140843 composite?
True
Is 28603 a prime number?
True
Is 549889 prime?
False
Is 10301 a composite number?
False
Is 73417 a composite number?
False
Is 7897 a composite number?
True
Is 87037 prime?
True
Is 21481 prime?
True
Is 19339 a composite number?
True
Is 673781 prime?
True
Is 435997 a composite number?
False
Is 46147 composite?
False
Is 27361 composite?
False
Is 211 composite?
False
Is 30505 a composite number?
True
Is 3877 a prime number?
True
Is 841 a composite number?
True
Is 40213 a prime number?
True
Is 22433 a prime number?
True
Is 4621 prime?
True
Is 16477 composite?
False
Is 15527 a prime number?
True
Is 6121 composite?
False
Is 26507 composite?
True
Is 37273 a composite number?
False
Is 13539 a prime number?
False
Is 206699 a prime number?
True
Is 114113 composite?
False
Is 644437 composite?
True
Is 905951 prime?
True
Is 11002 a prime number?
False
Is 4031 a composite number?
True
Is 669 composite?
True
Is 246746 prime?
False
Is 11923 a prime number?
True
Is 21059 a composite number?
False
Is 648787 a prime number?
False
Is 177179 prime?
False
Is 22229 a prime number?
True
Is 27509 prime?
True
Is 18931 a composite number?
True
Is 967 a prime number?
True
Is 2047 composite?
True
Is 1139 prime?
False
Is 33529 prime?
True
Is 2017 a composite number?
False
Is 3854839 a composite number?
True
Is 478231 a prime number?
False
Is 2492263 prime?
True
Is 1799 a composite number?
True
Is 49409 prime?
True
Is 120899 a prime number?
True
Is 18517 a prime number?
True
Is 33107 a composite number?
False
Is 3641 a prime number?
False
Is 11159 a composite number?
False
Is 350843 prime?
True
Is 1501303 a prime number?
True
Is 145 composite?
True
Is 36761 composite?
False
Is 805891 composite?
False
Is 784831 a prime number?
True
Is 42121 composite?
True
Is 30787 a composite number?
True
Is 3379 prime?
False
Is 233969 a prime number?
True
Is 190823 prime?
True
Is 193051 prime?
True
Is 2707 a prime number?
True
Is 120733 a composite number?
True
Is 551059 prime?
True
Is 1211 a composite number?
True
Is 2571 a prime number?
False
Is 719 prime?
True
Is 59331 a composite number?
True
Is 4703 a prime number?
True
Is 145799 prime?
True
Is 256233 a prime number?
False
Is 24914 composite?
True
Is 376413 a prime number?
False
Is 4127 composite?
False
Is 71501 prime?
False
Is 114447 prime?
False
Is 8221 a prime number?
True
Is 68431 composite?
True
Is 2773 composite?
True
Is 228731 a prime number?
True
Is 2759 a composite number?
True
Is 30553 a prime number?
True
Is 1811 composite?
False
Is 1577 a prime number?
False
Is 81751 a composite number?
True
Is 162943 a prime number?
False
Is 1361 a prime number?
True
Is 507001 prime?
False
Is 85361 composite?
False
Is 54217 composite?
False
Is 7751 composite?
True
Is 5779 a composite number?
False
Is 1624655 a composite number?
True
Is 13649 a prime number?
True
Is 180911 a composite number?
True
Is 44193 a prime number?
False
Is 202841 a prime number?
True
Is 7039 a composite number?
False
Is 96071 a composite number?
True
Is 3395101 composite?
False
Is 107605 a prime number?
False
Is 50143 a prime number?
False
Is 24746 prime?
False
Is 50207 a prime number?
True
Is 65881 prime?
True
Is 34807 a prime number?
True
Is 74255 a composite number?
True
Is 89921 a composite number?
True
Is 78401 a composite number?
False
Is 769843 a composite number?
True
Is 14387 prime?
True
Is 504671 composite?
False
Is 770653 a prime number?
False
Is 11597 prime?
True
Is 72951 composite?